{"id":2002,"date":"2022-11-16T16:19:37","date_gmt":"2022-11-16T19:19:37","guid":{"rendered":"https:\/\/annaosta.com.br\/site\/?page_id=2002"},"modified":"2025-12-19T15:12:26","modified_gmt":"2025-12-19T18:12:26","slug":"e-books-free","status":"publish","type":"page","link":"https:\/\/annaosta.com.br\/site\/e-books-free\/","title":{"rendered":"E-Books Free"},"content":{"rendered":"\t\t<div data-elementor-type=\"wp-page\" data-elementor-id=\"2002\" class=\"elementor elementor-2002\">\n\t\t\t\t\t\t<section class=\"elementor-section elementor-top-section elementor-element elementor-element-9fd0a70 elementor-section-boxed elementor-section-height-default elementor-section-height-default\" data-id=\"9fd0a70\" data-element_type=\"section\" data-e-type=\"section\">\n\t\t\t\t\t\t<div class=\"elementor-container elementor-column-gap-default\">\n\t\t\t\t\t<div class=\"elementor-column elementor-col-25 elementor-top-column elementor-element elementor-element-d01dfec\" data-id=\"d01dfec\" data-element_type=\"column\" data-e-type=\"column\">\n\t\t\t<div class=\"elementor-widget-wrap elementor-element-populated\">\n\t\t\t\t\t\t<div class=\"elementor-element elementor-element-41f2410 elementor-widget elementor-widget-image\" data-id=\"41f2410\" data-element_type=\"widget\" data-e-type=\"widget\" data-widget_type=\"image.default\">\n\t\t\t\t<div class=\"elementor-widget-container\">\n\t\t\t\t\t\t\t\t\t\t\t\t\t\t\t\t<a href=\"https:\/\/annaosta.com.br\/site\/wp-content\/uploads\/2025\/08\/Livro-ELAS_e-book.pdf\" target=\"_blank\">\n\t\t\t\t\t\t\t<img fetchpriority=\"high\" decoding=\"async\" width=\"200\" height=\"300\" src=\"https:\/\/annaosta.com.br\/site\/wp-content\/uploads\/2025\/08\/Elas-200x300.jpeg\" class=\"attachment-medium size-medium wp-image-3207\" alt=\"\" srcset=\"https:\/\/annaosta.com.br\/site\/wp-content\/uploads\/2025\/08\/Elas-200x300.jpeg 200w, https:\/\/annaosta.com.br\/site\/wp-content\/uploads\/2025\/08\/Elas-682x1024.jpeg 682w, https:\/\/annaosta.com.br\/site\/wp-content\/uploads\/2025\/08\/Elas-768x1153.jpeg 768w, https:\/\/annaosta.com.br\/site\/wp-content\/uploads\/2025\/08\/Elas-1023x1536.jpeg 1023w, https:\/\/annaosta.com.br\/site\/wp-content\/uploads\/2025\/08\/Elas.jpeg 1066w\" sizes=\"(max-width: 200px) 100vw, 200px\" \/>\t\t\t\t\t\t\t\t<\/a>\n\t\t\t\t\t\t\t\t\t\t\t\t\t\t\t<\/div>\n\t\t\t\t<\/div>\n\t\t\t\t<div class=\"elementor-element elementor-element-1992cd2 elementor-widget elementor-widget-text-editor\" data-id=\"1992cd2\" data-element_type=\"widget\" data-e-type=\"widget\" data-widget_type=\"text-editor.default\">\n\t\t\t\t<div class=\"elementor-widget-container\">\n\t\t\t\t\t\t\t\t\t<p style=\"text-align: center;\"><strong>Elas<br \/>Trajet\u00f3rias femininas de coragem, resili\u00eancia e inspira\u00e7\u00e3o<\/strong><br \/>Academia Saltense de Letras, 2024<\/p>\t\t\t\t\t\t\t\t<\/div>\n\t\t\t\t<\/div>\n\t\t\t\t\t<\/div>\n\t\t<\/div>\n\t\t\t\t<div class=\"elementor-column elementor-col-25 elementor-top-column elementor-element elementor-element-7fe39a9\" data-id=\"7fe39a9\" data-element_type=\"column\" data-e-type=\"column\">\n\t\t\t<div class=\"elementor-widget-wrap elementor-element-populated\">\n\t\t\t\t\t\t<div class=\"elementor-element elementor-element-eca037e elementor-widget elementor-widget-image\" data-id=\"eca037e\" data-element_type=\"widget\" data-e-type=\"widget\" data-widget_type=\"image.default\">\n\t\t\t\t<div class=\"elementor-widget-container\">\n\t\t\t\t\t\t\t\t\t\t\t\t\t\t\t\t<a href=\"https:\/\/annaosta.com.br\/site\/wp-content\/uploads\/2025\/08\/Verbo-revelado_e-book.pdf\" target=\"_blank\">\n\t\t\t\t\t\t\t<img decoding=\"async\" width=\"200\" height=\"300\" src=\"https:\/\/annaosta.com.br\/site\/wp-content\/uploads\/2025\/08\/Verbo-Revelado-200x300.jpeg\" class=\"attachment-medium size-medium wp-image-3206\" alt=\"\" srcset=\"https:\/\/annaosta.com.br\/site\/wp-content\/uploads\/2025\/08\/Verbo-Revelado-200x300.jpeg 200w, https:\/\/annaosta.com.br\/site\/wp-content\/uploads\/2025\/08\/Verbo-Revelado-684x1024.jpeg 684w, https:\/\/annaosta.com.br\/site\/wp-content\/uploads\/2025\/08\/Verbo-Revelado-768x1151.jpeg 768w, https:\/\/annaosta.com.br\/site\/wp-content\/uploads\/2025\/08\/Verbo-Revelado-1025x1536.jpeg 1025w, https:\/\/annaosta.com.br\/site\/wp-content\/uploads\/2025\/08\/Verbo-Revelado.jpeg 1068w\" sizes=\"(max-width: 200px) 100vw, 200px\" \/>\t\t\t\t\t\t\t\t<\/a>\n\t\t\t\t\t\t\t\t\t\t\t\t\t\t\t<\/div>\n\t\t\t\t<\/div>\n\t\t\t\t<div class=\"elementor-element elementor-element-75a5790 elementor-widget elementor-widget-text-editor\" data-id=\"75a5790\" data-element_type=\"widget\" data-e-type=\"widget\" data-widget_type=\"text-editor.default\">\n\t\t\t\t<div class=\"elementor-widget-container\">\n\t\t\t\t\t\t\t\t\t<p style=\"text-align: center;\"><strong>Verbo Revelado<br \/>O poder das palavras escritas, ditas ou silenciadas<\/strong><br \/>Academia Saltense de Letras, 2023<\/p>\t\t\t\t\t\t\t\t<\/div>\n\t\t\t\t<\/div>\n\t\t\t\t\t<\/div>\n\t\t<\/div>\n\t\t\t\t<div class=\"elementor-column elementor-col-25 elementor-top-column elementor-element elementor-element-5811363\" data-id=\"5811363\" data-element_type=\"column\" data-e-type=\"column\">\n\t\t\t<div class=\"elementor-widget-wrap elementor-element-populated\">\n\t\t\t\t\t\t<div class=\"elementor-element elementor-element-a7fbd18 elementor-widget elementor-widget-image\" data-id=\"a7fbd18\" data-element_type=\"widget\" data-e-type=\"widget\" data-widget_type=\"image.default\">\n\t\t\t\t<div class=\"elementor-widget-container\">\n\t\t\t\t\t\t\t\t\t\t\t\t\t\t\t\t<a href=\"https:\/\/www.asle.net.br\/publicacoes\/\" target=\"_blank\">\n\t\t\t\t\t\t\t<img decoding=\"async\" width=\"214\" height=\"300\" src=\"https:\/\/annaosta.com.br\/site\/wp-content\/uploads\/2022\/11\/Coletanea-ASLe-1_2010-214x300.png\" class=\"attachment-medium size-medium wp-image-1998\" alt=\"\" srcset=\"https:\/\/annaosta.com.br\/site\/wp-content\/uploads\/2022\/11\/Coletanea-ASLe-1_2010-214x300.png 214w, https:\/\/annaosta.com.br\/site\/wp-content\/uploads\/2022\/11\/Coletanea-ASLe-1_2010.png 283w\" sizes=\"(max-width: 214px) 100vw, 214px\" \/>\t\t\t\t\t\t\t\t<\/a>\n\t\t\t\t\t\t\t\t\t\t\t\t\t\t\t<\/div>\n\t\t\t\t<\/div>\n\t\t\t\t<div class=\"elementor-element elementor-element-b05ecfd elementor-widget elementor-widget-text-editor\" data-id=\"b05ecfd\" data-element_type=\"widget\" data-e-type=\"widget\" data-widget_type=\"text-editor.default\">\n\t\t\t\t<div class=\"elementor-widget-container\">\n\t\t\t\t\t\t\t\t\t<p style=\"text-align: center;\"><strong>Colet\u00e2nia I<\/strong><br \/>Academia Saltense de Letras, 2010<\/p>\t\t\t\t\t\t\t\t<\/div>\n\t\t\t\t<\/div>\n\t\t\t\t\t<\/div>\n\t\t<\/div>\n\t\t\t\t<div class=\"elementor-column elementor-col-25 elementor-top-column elementor-element elementor-element-34e7d7a\" data-id=\"34e7d7a\" data-element_type=\"column\" data-e-type=\"column\">\n\t\t\t<div class=\"elementor-widget-wrap elementor-element-populated\">\n\t\t\t\t\t\t<div class=\"elementor-element elementor-element-3585772 elementor-widget elementor-widget-image\" data-id=\"3585772\" data-element_type=\"widget\" data-e-type=\"widget\" data-widget_type=\"image.default\">\n\t\t\t\t<div class=\"elementor-widget-container\">\n\t\t\t\t\t\t\t\t\t\t\t\t\t\t\t\t<a href=\"http:\/\/Colet\u00e2nea%20II%20%20Academia%20Saltense%20de%20Letras,%202013\" target=\"_blank\">\n\t\t\t\t\t\t\t<img loading=\"lazy\" decoding=\"async\" width=\"225\" height=\"300\" src=\"https:\/\/annaosta.com.br\/site\/wp-content\/uploads\/2022\/11\/Coletanea-ASLe-2_2013-225x300.png\" class=\"attachment-medium size-medium wp-image-1999\" alt=\"\" srcset=\"https:\/\/annaosta.com.br\/site\/wp-content\/uploads\/2022\/11\/Coletanea-ASLe-2_2013-225x300.png 225w, https:\/\/annaosta.com.br\/site\/wp-content\/uploads\/2022\/11\/Coletanea-ASLe-2_2013.png 283w\" sizes=\"(max-width: 225px) 100vw, 225px\" \/>\t\t\t\t\t\t\t\t<\/a>\n\t\t\t\t\t\t\t\t\t\t\t\t\t\t\t<\/div>\n\t\t\t\t<\/div>\n\t\t\t\t<div class=\"elementor-element elementor-element-520eeda elementor-widget elementor-widget-text-editor\" data-id=\"520eeda\" data-element_type=\"widget\" data-e-type=\"widget\" data-widget_type=\"text-editor.default\">\n\t\t\t\t<div class=\"elementor-widget-container\">\n\t\t\t\t\t\t\t\t\t<p style=\"text-align: center;\"><strong>Colet\u00e2nea II<\/strong><br \/>Academia Saltense de Letras, 2013<\/p>\t\t\t\t\t\t\t\t<\/div>\n\t\t\t\t<\/div>\n\t\t\t\t\t<\/div>\n\t\t<\/div>\n\t\t\t\t\t<\/div>\n\t\t<\/section>\n\t\t\t\t<section class=\"elementor-section elementor-top-section elementor-element elementor-element-d2ead90 elementor-section-boxed elementor-section-height-default elementor-section-height-default\" data-id=\"d2ead90\" data-element_type=\"section\" data-e-type=\"section\">\n\t\t\t\t\t\t<div class=\"elementor-container elementor-column-gap-default\">\n\t\t\t\t\t<div class=\"elementor-column elementor-col-25 elementor-top-column elementor-element elementor-element-b68b1bf\" data-id=\"b68b1bf\" data-element_type=\"column\" data-e-type=\"column\">\n\t\t\t<div class=\"elementor-widget-wrap elementor-element-populated\">\n\t\t\t\t\t\t<div class=\"elementor-element elementor-element-21f4885 elementor-widget elementor-widget-image\" data-id=\"21f4885\" data-element_type=\"widget\" data-e-type=\"widget\" data-widget_type=\"image.default\">\n\t\t\t\t<div class=\"elementor-widget-container\">\n\t\t\t\t\t\t\t\t\t\t\t\t\t\t\t\t<a href=\"https:\/\/www.asle.net.br\/publicacoes\/\" target=\"_blank\">\n\t\t\t\t\t\t\t<img loading=\"lazy\" decoding=\"async\" width=\"216\" height=\"300\" src=\"https:\/\/annaosta.com.br\/site\/wp-content\/uploads\/2022\/11\/Salto-por-que-me-encanta_2016-216x300.png\" class=\"attachment-medium size-medium wp-image-2001\" alt=\"\" srcset=\"https:\/\/annaosta.com.br\/site\/wp-content\/uploads\/2022\/11\/Salto-por-que-me-encanta_2016-216x300.png 216w, https:\/\/annaosta.com.br\/site\/wp-content\/uploads\/2022\/11\/Salto-por-que-me-encanta_2016.png 283w\" sizes=\"(max-width: 216px) 100vw, 216px\" \/>\t\t\t\t\t\t\t\t<\/a>\n\t\t\t\t\t\t\t\t\t\t\t\t\t\t\t<\/div>\n\t\t\t\t<\/div>\n\t\t\t\t<div class=\"elementor-element elementor-element-692343b elementor-widget elementor-widget-text-editor\" data-id=\"692343b\" data-element_type=\"widget\" data-e-type=\"widget\" data-widget_type=\"text-editor.default\">\n\t\t\t\t<div class=\"elementor-widget-container\">\n\t\t\t\t\t\t\t\t\t<p style=\"text-align: center;\"><strong>Salto, por que me encanta?<\/strong><br \/>Academia Saltense de Letras, 2016<\/p>\t\t\t\t\t\t\t\t<\/div>\n\t\t\t\t<\/div>\n\t\t\t\t\t<\/div>\n\t\t<\/div>\n\t\t\t\t<div class=\"elementor-column elementor-col-25 elementor-top-column elementor-element elementor-element-14b6748\" data-id=\"14b6748\" data-element_type=\"column\" data-e-type=\"column\">\n\t\t\t<div class=\"elementor-widget-wrap elementor-element-populated\">\n\t\t\t\t\t\t<div class=\"elementor-element elementor-element-9be75dd elementor-widget elementor-widget-image\" data-id=\"9be75dd\" data-element_type=\"widget\" data-e-type=\"widget\" data-widget_type=\"image.default\">\n\t\t\t\t<div class=\"elementor-widget-container\">\n\t\t\t\t\t\t\t\t\t\t\t\t\t\t\t\t<a href=\"https:\/\/www.asle.net.br\/publicacoes\/\" target=\"_blank\">\n\t\t\t\t\t\t\t<img loading=\"lazy\" decoding=\"async\" width=\"200\" height=\"300\" src=\"https:\/\/annaosta.com.br\/site\/wp-content\/uploads\/2022\/11\/E-de-sonho-e-de-po_2021-200x300.png\" class=\"attachment-medium size-medium wp-image-2025\" alt=\"\" srcset=\"https:\/\/annaosta.com.br\/site\/wp-content\/uploads\/2022\/11\/E-de-sonho-e-de-po_2021-200x300.png 200w, https:\/\/annaosta.com.br\/site\/wp-content\/uploads\/2022\/11\/E-de-sonho-e-de-po_2021.png 262w\" sizes=\"(max-width: 200px) 100vw, 200px\" \/>\t\t\t\t\t\t\t\t<\/a>\n\t\t\t\t\t\t\t\t\t\t\t\t\t\t\t<\/div>\n\t\t\t\t<\/div>\n\t\t\t\t<div class=\"elementor-element elementor-element-bf0e424 elementor-widget elementor-widget-text-editor\" data-id=\"bf0e424\" data-element_type=\"widget\" data-e-type=\"widget\" data-widget_type=\"text-editor.default\">\n\t\t\t\t<div class=\"elementor-widget-container\">\n\t\t\t\t\t\t\t\t\t<p style=\"text-align: center;\"><strong>\u00c9 de sonho e de p\u00f3<\/strong><br \/>Academia Saltense de Letras, 2021<\/p>\t\t\t\t\t\t\t\t<\/div>\n\t\t\t\t<\/div>\n\t\t\t\t\t<\/div>\n\t\t<\/div>\n\t\t\t\t<div class=\"elementor-column elementor-col-25 elementor-top-column elementor-element elementor-element-3de28d9\" data-id=\"3de28d9\" data-element_type=\"column\" data-e-type=\"column\">\n\t\t\t<div class=\"elementor-widget-wrap elementor-element-populated\">\n\t\t\t\t\t\t<div class=\"elementor-element elementor-element-f987b33 elementor-widget elementor-widget-image\" data-id=\"f987b33\" data-element_type=\"widget\" data-e-type=\"widget\" data-widget_type=\"image.default\">\n\t\t\t\t<div class=\"elementor-widget-container\">\n\t\t\t\t\t\t\t\t\t\t\t\t\t\t\t\t<a href=\"https:\/\/www.asle.net.br\/publicacoes\/\" target=\"_blank\">\n\t\t\t\t\t\t\t<img loading=\"lazy\" decoding=\"async\" width=\"200\" height=\"300\" src=\"https:\/\/annaosta.com.br\/site\/wp-content\/uploads\/2022\/11\/Natureza_2022-200x300.png\" class=\"attachment-medium size-medium wp-image-2000\" alt=\"\" srcset=\"https:\/\/annaosta.com.br\/site\/wp-content\/uploads\/2022\/11\/Natureza_2022-200x300.png 200w, https:\/\/annaosta.com.br\/site\/wp-content\/uploads\/2022\/11\/Natureza_2022.png 262w\" sizes=\"(max-width: 200px) 100vw, 200px\" \/>\t\t\t\t\t\t\t\t<\/a>\n\t\t\t\t\t\t\t\t\t\t\t\t\t\t\t<\/div>\n\t\t\t\t<\/div>\n\t\t\t\t<div class=\"elementor-element elementor-element-0e92367 elementor-widget elementor-widget-text-editor\" data-id=\"0e92367\" data-element_type=\"widget\" data-e-type=\"widget\" data-widget_type=\"text-editor.default\">\n\t\t\t\t<div class=\"elementor-widget-container\">\n\t\t\t\t\t\t\t\t\t<p style=\"text-align: center;\"><strong>NATUREZA &#8211; eu, tu, ela&#8230;<\/strong><br \/>Academia Saltense de Letras, 2022<\/p>\t\t\t\t\t\t\t\t<\/div>\n\t\t\t\t<\/div>\n\t\t\t\t\t<\/div>\n\t\t<\/div>\n\t\t\t\t<div class=\"elementor-column elementor-col-25 elementor-top-column elementor-element elementor-element-76843bb\" data-id=\"76843bb\" data-element_type=\"column\" data-e-type=\"column\">\n\t\t\t<div class=\"elementor-widget-wrap\">\n\t\t\t\t\t\t\t<\/div>\n\t\t<\/div>\n\t\t\t\t\t<\/div>\n\t\t<\/section>\n\t\t\t\t<\/div>\n\t\t","protected":false},"excerpt":{"rendered":"<p>ElasTrajet\u00f3rias femininas de coragem, resili\u00eancia e inspira\u00e7\u00e3oAcademia Saltense de Letras, 2024 Verbo ReveladoO poder das palavras escritas, ditas ou silenciadasAcademia Saltense de Letras, 2023 Colet\u00e2nia IAcademia Saltense de Letras, 2010 Colet\u00e2nea IIAcademia Saltense de Letras, 2013 Salto, por que me encanta?Academia Saltense de Letras, 2016 \u00c9 de sonho e de p\u00f3Academia Saltense de Letras, 2021 [&hellip;]<\/p>\n","protected":false},"author":2,"featured_media":0,"parent":0,"menu_order":0,"comment_status":"closed","ping_status":"closed","template":"","meta":{"site-sidebar-layout":"no-sidebar","site-content-layout":"page-builder","ast-site-content-layout":"default","site-content-style":"default","site-sidebar-style":"default","ast-global-header-display":"","ast-banner-title-visibility":"","ast-main-header-display":"","ast-hfb-above-header-display":"","ast-hfb-below-header-display":"","ast-hfb-mobile-header-display":"","site-post-title":"disabled","ast-breadcrumbs-content":"","ast-featured-img":"disabled","footer-sml-layout":"","ast-disable-related-posts":"","theme-transparent-header-meta":"","adv-header-id-meta":null,"stick-header-meta":null,"header-above-stick-meta":null,"header-main-stick-meta":null,"header-below-stick-meta":null,"astra-migrate-meta-layouts":"default","ast-page-background-enabled":"default","ast-page-background-meta":{"desktop":{"background-color":"var(--ast-global-color-4)","background-image":"","background-repeat":"repeat","background-position":"center center","background-size":"auto","background-attachment":"scroll","background-type":"","background-media":"","overlay-type":"","overlay-color":"","overlay-opacity":"","overlay-gradient":""},"tablet":{"background-color":"","background-image":"","background-repeat":"repeat","background-position":"center center","background-size":"auto","background-attachment":"scroll","background-type":"","background-media":"","overlay-type":"","overlay-color":"","overlay-opacity":"","overlay-gradient":""},"mobile":{"background-color":"","background-image":"","background-repeat":"repeat","background-position":"center center","background-size":"auto","background-attachment":"scroll","background-type":"","background-media":"","overlay-type":"","overlay-color":"","overlay-opacity":"","overlay-gradient":""}},"ast-content-background-meta":{"desktop":{"background-color":"var(--ast-global-color-5)","background-image":"","background-repeat":"repeat","background-position":"center center","background-size":"auto","background-attachment":"scroll","background-type":"","background-media":"","overlay-type":"","overlay-color":"","overlay-opacity":"","overlay-gradient":""},"tablet":{"background-color":"var(--ast-global-color-5)","background-image":"","background-repeat":"repeat","background-position":"center center","background-size":"auto","background-attachment":"scroll","background-type":"","background-media":"","overlay-type":"","overlay-color":"","overlay-opacity":"","overlay-gradient":""},"mobile":{"background-color":"var(--ast-global-color-5)","background-image":"","background-repeat":"repeat","background-position":"center center","background-size":"auto","background-attachment":"scroll","background-type":"","background-media":"","overlay-type":"","overlay-color":"","overlay-opacity":"","overlay-gradient":""}},"footnotes":""},"class_list":["post-2002","page","type-page","status-publish","hentry"],"_links":{"self":[{"href":"https:\/\/annaosta.com.br\/site\/wp-json\/wp\/v2\/pages\/2002","targetHints":{"allow":["GET"]}}],"collection":[{"href":"https:\/\/annaosta.com.br\/site\/wp-json\/wp\/v2\/pages"}],"about":[{"href":"https:\/\/annaosta.com.br\/site\/wp-json\/wp\/v2\/types\/page"}],"author":[{"embeddable":true,"href":"https:\/\/annaosta.com.br\/site\/wp-json\/wp\/v2\/users\/2"}],"replies":[{"embeddable":true,"href":"https:\/\/annaosta.com.br\/site\/wp-json\/wp\/v2\/comments?post=2002"}],"version-history":[{"count":55,"href":"https:\/\/annaosta.com.br\/site\/wp-json\/wp\/v2\/pages\/2002\/revisions"}],"predecessor-version":[{"id":3215,"href":"https:\/\/annaosta.com.br\/site\/wp-json\/wp\/v2\/pages\/2002\/revisions\/3215"}],"wp:attachment":[{"href":"https:\/\/annaosta.com.br\/site\/wp-json\/wp\/v2\/media?parent=2002"}],"curies":[{"name":"wp","href":"https:\/\/api.w.org\/{rel}","templated":true}]}}