{"id":2415,"date":"2023-01-10T18:41:52","date_gmt":"2023-01-10T21:41:52","guid":{"rendered":"https:\/\/annaosta.com.br\/site\/?page_id=2415"},"modified":"2023-01-10T19:02:39","modified_gmt":"2023-01-10T22:02:39","slug":"peninha-o-filhote-de-corruira","status":"publish","type":"page","link":"https:\/\/annaosta.com.br\/site\/peninha-o-filhote-de-corruira\/","title":{"rendered":"Peninha &#8211; O filhote de corru\u00edra"},"content":{"rendered":"\t\t<div data-elementor-type=\"wp-post\" data-elementor-id=\"2415\" class=\"elementor elementor-2415\">\n\t\t\t\t\t\t<section class=\"elementor-section elementor-top-section elementor-element elementor-element-efbc762 elementor-section-boxed elementor-section-height-default elementor-section-height-default\" data-id=\"efbc762\" data-element_type=\"section\" data-e-type=\"section\">\n\t\t\t\t\t\t<div class=\"elementor-container elementor-column-gap-default\">\n\t\t\t\t\t<div class=\"elementor-column elementor-col-33 elementor-top-column elementor-element elementor-element-cda02e1\" data-id=\"cda02e1\" data-element_type=\"column\" data-e-type=\"column\">\n\t\t\t<div class=\"elementor-widget-wrap elementor-element-populated\">\n\t\t\t\t\t\t<div class=\"elementor-element elementor-element-a4495eb elementor-widget elementor-widget-image\" data-id=\"a4495eb\" data-element_type=\"widget\" data-e-type=\"widget\" data-widget_type=\"image.default\">\n\t\t\t\t<div class=\"elementor-widget-container\">\n\t\t\t\t\t\t\t\t\t\t\t\t\t\t\t<img fetchpriority=\"high\" decoding=\"async\" width=\"207\" height=\"300\" src=\"https:\/\/annaosta.com.br\/site\/wp-content\/uploads\/2022\/11\/Peninha-207x300.png\" class=\"attachment-medium size-medium wp-image-2183\" alt=\"\" srcset=\"https:\/\/annaosta.com.br\/site\/wp-content\/uploads\/2022\/11\/Peninha-207x300.png 207w, https:\/\/annaosta.com.br\/site\/wp-content\/uploads\/2022\/11\/Peninha-707x1024.png 707w, https:\/\/annaosta.com.br\/site\/wp-content\/uploads\/2022\/11\/Peninha-768x1112.png 768w, https:\/\/annaosta.com.br\/site\/wp-content\/uploads\/2022\/11\/Peninha-1061x1536.png 1061w, https:\/\/annaosta.com.br\/site\/wp-content\/uploads\/2022\/11\/Peninha.png 1080w\" sizes=\"(max-width: 207px) 100vw, 207px\" \/>\t\t\t\t\t\t\t\t\t\t\t\t\t\t\t<\/div>\n\t\t\t\t<\/div>\n\t\t\t\t<div class=\"elementor-element elementor-element-70114ba elementor-widget elementor-widget-text-editor\" data-id=\"70114ba\" data-element_type=\"widget\" data-e-type=\"widget\" data-widget_type=\"text-editor.default\">\n\t\t\t\t<div class=\"elementor-widget-container\">\n\t\t\t\t\t\t\t\t\t<p style=\"text-align: center;\"><strong>Peninha &#8211; O filhote de corru\u00edra<\/strong><br>(Scortecci, 2007)<\/p>\t\t\t\t\t\t\t\t<\/div>\n\t\t\t\t<\/div>\n\t\t\t\t\t<\/div>\n\t\t<\/div>\n\t\t\t\t<div class=\"elementor-column elementor-col-66 elementor-top-column elementor-element elementor-element-e0d29eb\" data-id=\"e0d29eb\" data-element_type=\"column\" data-e-type=\"column\">\n\t\t\t<div class=\"elementor-widget-wrap elementor-element-populated\">\n\t\t\t\t\t\t<div class=\"elementor-element elementor-element-7f05e31 elementor-widget elementor-widget-text-editor\" data-id=\"7f05e31\" data-element_type=\"widget\" data-e-type=\"widget\" data-widget_type=\"text-editor.default\">\n\t\t\t\t<div class=\"elementor-widget-container\">\n\t\t\t\t\t\t\t\t\t<p>A hist\u00f3ria aqui narrada \u00e9 real, aconteceu nas f\u00e9rias de ver\u00e3o do ano 2000 e recordo os detalhes como se houvessem ocorrido ontem: minha m\u00e3e chegando em casa com uma surpresa nas m\u00e3os e escoltada por meu pai, seu maior companheiro e c\u00famplice de suas aventuras, a rea\u00e7\u00e3o das minhas filhas e do meu marido diante da descoberta, a dedica\u00e7\u00e3o com que abra\u00e7amos essa causa&#8230; Sem d\u00favida, foi uma viv\u00eancia e tanto!<\/p><p>Divido com voc\u00ea a nossa experi\u00eancia.<\/p><p>Revelo nossos sentimentos, nosso empenho, nossa dedica\u00e7\u00e3o, a quem quiser conhecer a hist\u00f3ria de Peninha, um filhote de corru\u00edra, que entrou em nossas vidas por acaso e deixou sua marca em cada um de n\u00f3s.<\/p>\t\t\t\t\t\t\t\t<\/div>\n\t\t\t\t<\/div>\n\t\t\t\t\t<\/div>\n\t\t<\/div>\n\t\t\t\t\t<\/div>\n\t\t<\/section>\n\t\t\t\t<section class=\"elementor-section elementor-top-section elementor-element elementor-element-b4f1661 elementor-section-boxed elementor-section-height-default elementor-section-height-default\" data-id=\"b4f1661\" data-element_type=\"section\" data-e-type=\"section\">\n\t\t\t\t\t\t<div class=\"elementor-container elementor-column-gap-default\">\n\t\t\t\t\t<div class=\"elementor-column elementor-col-100 elementor-top-column elementor-element elementor-element-67abfa5\" data-id=\"67abfa5\" data-element_type=\"column\" data-e-type=\"column\">\n\t\t\t<div class=\"elementor-widget-wrap elementor-element-populated\">\n\t\t\t\t\t\t<div class=\"elementor-element elementor-element-bc1e9b7 elementor-widget elementor-widget-text-editor\" data-id=\"bc1e9b7\" data-element_type=\"widget\" data-e-type=\"widget\" data-widget_type=\"text-editor.default\">\n\t\t\t\t<div class=\"elementor-widget-container\">\n\t\t\t\t\t\t\t\t\t<p><strong>ESGOTADO!<\/strong><\/p>\t\t\t\t\t\t\t\t<\/div>\n\t\t\t\t<\/div>\n\t\t\t\t\t<\/div>\n\t\t<\/div>\n\t\t\t\t\t<\/div>\n\t\t<\/section>\n\t\t\t\t<\/div>\n\t\t","protected":false},"excerpt":{"rendered":"<p>Peninha &#8211; O filhote de corru\u00edra(Scortecci, 2007) A hist\u00f3ria aqui narrada \u00e9 real, aconteceu nas f\u00e9rias de ver\u00e3o do ano 2000 e recordo os detalhes como se houvessem ocorrido ontem: minha m\u00e3e chegando em casa com uma surpresa nas m\u00e3os e escoltada por meu pai, seu maior companheiro e c\u00famplice de suas aventuras, a rea\u00e7\u00e3o [&hellip;]<\/p>\n","protected":false},"author":2,"featured_media":0,"parent":0,"menu_order":0,"comment_status":"closed","ping_status":"closed","template":"","meta":{"site-sidebar-layout":"no-sidebar","site-content-layout":"page-builder","ast-site-content-layout":"default","site-content-style":"default","site-sidebar-style":"default","ast-global-header-display":"","ast-banner-title-visibility":"","ast-main-header-display":"","ast-hfb-above-header-display":"","ast-hfb-below-header-display":"","ast-hfb-mobile-header-display":"","site-post-title":"disabled","ast-breadcrumbs-content":"","ast-featured-img":"disabled","footer-sml-layout":"","ast-disable-related-posts":"","theme-transparent-header-meta":"","adv-header-id-meta":null,"stick-header-meta":null,"header-above-stick-meta":null,"header-main-stick-meta":null,"header-below-stick-meta":null,"astra-migrate-meta-layouts":"default","ast-page-background-enabled":"default","ast-page-background-meta":{"desktop":{"background-color":"var(--ast-global-color-4)","background-image":"","background-repeat":"repeat","background-position":"center center","background-size":"auto","background-attachment":"scroll","background-type":"","background-media":"","overlay-type":"","overlay-color":"","overlay-opacity":"","overlay-gradient":""},"tablet":{"background-color":"","background-image":"","background-repeat":"repeat","background-position":"center center","background-size":"auto","background-attachment":"scroll","background-type":"","background-media":"","overlay-type":"","overlay-color":"","overlay-opacity":"","overlay-gradient":""},"mobile":{"background-color":"","background-image":"","background-repeat":"repeat","background-position":"center center","background-size":"auto","background-attachment":"scroll","background-type":"","background-media":"","overlay-type":"","overlay-color":"","overlay-opacity":"","overlay-gradient":""}},"ast-content-background-meta":{"desktop":{"background-color":"var(--ast-global-color-5)","background-image":"","background-repeat":"repeat","background-position":"center center","background-size":"auto","background-attachment":"scroll","background-type":"","background-media":"","overlay-type":"","overlay-color":"","overlay-opacity":"","overlay-gradient":""},"tablet":{"background-color":"var(--ast-global-color-5)","background-image":"","background-repeat":"repeat","background-position":"center center","background-size":"auto","background-attachment":"scroll","background-type":"","background-media":"","overlay-type":"","overlay-color":"","overlay-opacity":"","overlay-gradient":""},"mobile":{"background-color":"var(--ast-global-color-5)","background-image":"","background-repeat":"repeat","background-position":"center center","background-size":"auto","background-attachment":"scroll","background-type":"","background-media":"","overlay-type":"","overlay-color":"","overlay-opacity":"","overlay-gradient":""}},"footnotes":""},"class_list":["post-2415","page","type-page","status-publish","hentry"],"_links":{"self":[{"href":"https:\/\/annaosta.com.br\/site\/wp-json\/wp\/v2\/pages\/2415","targetHints":{"allow":["GET"]}}],"collection":[{"href":"https:\/\/annaosta.com.br\/site\/wp-json\/wp\/v2\/pages"}],"about":[{"href":"https:\/\/annaosta.com.br\/site\/wp-json\/wp\/v2\/types\/page"}],"author":[{"embeddable":true,"href":"https:\/\/annaosta.com.br\/site\/wp-json\/wp\/v2\/users\/2"}],"replies":[{"embeddable":true,"href":"https:\/\/annaosta.com.br\/site\/wp-json\/wp\/v2\/comments?post=2415"}],"version-history":[{"count":4,"href":"https:\/\/annaosta.com.br\/site\/wp-json\/wp\/v2\/pages\/2415\/revisions"}],"predecessor-version":[{"id":2439,"href":"https:\/\/annaosta.com.br\/site\/wp-json\/wp\/v2\/pages\/2415\/revisions\/2439"}],"wp:attachment":[{"href":"https:\/\/annaosta.com.br\/site\/wp-json\/wp\/v2\/media?parent=2415"}],"curies":[{"name":"wp","href":"https:\/\/api.w.org\/{rel}","templated":true}]}}